{"id":77,"date":"2019-02-09T20:17:27","date_gmt":"2019-02-09T19:17:27","guid":{"rendered":"http:\/\/naturholzgestaltung.de\/?page_id=77"},"modified":"2019-10-23T16:03:31","modified_gmt":"2019-10-23T14:03:31","slug":"start","status":"publish","type":"page","link":"https:\/\/naturholzgestaltung.de\/","title":{"rendered":"Home"},"content":{"rendered":"\t\t<div data-elementor-type=\"wp-post\" data-elementor-id=\"77\" class=\"elementor elementor-77\">\n\t\t\t\t\t\t<section class=\"elementor-section elementor-top-section elementor-element elementor-element-7cbaeae elementor-section-boxed elementor-section-height-default elementor-section-height-default\" data-id=\"7cbaeae\" data-element_type=\"section\" data-e-type=\"section\">\n\t\t\t\t\t\t<div class=\"elementor-container elementor-column-gap-default\">\n\t\t\t\t\t<div class=\"elementor-column elementor-col-100 elementor-top-column elementor-element elementor-element-8523add\" data-id=\"8523add\" data-element_type=\"column\" data-e-type=\"column\">\n\t\t\t<div class=\"elementor-widget-wrap elementor-element-populated\">\n\t\t\t\t\t\t<div class=\"elementor-element elementor-element-3708659 elementor-widget elementor-widget-shortcode\" data-id=\"3708659\" data-element_type=\"widget\" data-e-type=\"widget\" data-widget_type=\"shortcode.default\">\n\t\t\t\t<div class=\"elementor-widget-container\">\n\t\t\t\t\t\t\t<div class=\"elementor-shortcode\">\n\t<div class=\"wp-video-popup-wrapper\">\n\t\t<div class=\"wp-video-popup-close\"><\/div>\n\t\t<iframe class=\"wp-video-popup-video is-hosted is-landscape is-resizable\" src=\"\" data-wp-video-popup-url=\"https:\/\/www.youtube.com\/embed\/YlUKcNNmywk?autoplay=1\" frameborder=\"0\" allowfullscreen allow=\"autoplay\">\n\t\t<\/iframe>\n\t<\/div>\n\t<\/div>\n\t\t\t\t\t\t<\/div>\n\t\t\t\t<\/div>\n\t\t\t\t\t<\/div>\n\t\t<\/div>\n\t\t\t\t\t<\/div>\n\t\t<\/section>\n\t\t\t\t<section class=\"elementor-section elementor-top-section elementor-element elementor-element-891cc3f elementor-section-boxed elementor-section-height-default elementor-section-height-default\" data-id=\"891cc3f\" data-element_type=\"section\" data-e-type=\"section\">\n\t\t\t\t\t\t<div class=\"elementor-container elementor-column-gap-default\">\n\t\t\t\t\t<div class=\"elementor-column elementor-col-100 elementor-top-column elementor-element elementor-element-5e626bea\" data-id=\"5e626bea\" data-element_type=\"column\" data-e-type=\"column\">\n\t\t\t<div class=\"elementor-widget-wrap elementor-element-populated\">\n\t\t\t\t\t\t<div class=\"elementor-element elementor-element-27b0acb6 elementor-widget elementor-widget-text-editor\" data-id=\"27b0acb6\" data-element_type=\"widget\" data-e-type=\"widget\" data-widget_type=\"text-editor.default\">\n\t\t\t\t<div class=\"elementor-widget-container\">\n\t\t\t\t\t\t\t\t\t\n<h2 class=\"wp-block-heading\">Herzlich Willkommen bei Ihrer M\u00f6belschreinerei Christian Wurm!<\/h2>\n\n\n\n<p>Mein Name steht f\u00fcr<\/p>\n\n\n\n<ul class=\"wp-block-list\"><li>Kompetenz, Gewissenhaftigkeit und Zuverl\u00e4ssigkeit<\/li><li>Individuelle Planung und pers\u00f6nliche Beratung<\/li><li>Eigene Fertigung und hochwertige Herstellung<\/li><li>P\u00fcnktliche Lieferung und passgenaue Montage<\/li><li>Meisterhaftes Handwerk zu fairen und bezahlbaren Preisen<\/li><\/ul>\n\n\n\n<p>Als Schreinermeister, Objektgestalter und Baubiologe lege ich gr\u00f6\u00dften Wert auf individuelle Gestaltung und handwerklich hergestellte M\u00f6bel aus heimischen H\u00f6lzern f\u00fcr eine wohngesunde Raumgestaltung.<\/p>\n\n\n\n<p>Ich freue mich auf Ihr Projekt!<\/p>\n\n\n\n<p>Ihr Christian Wurm<\/p>\n\t\t\t\t\t\t\t\t<\/div>\n\t\t\t\t<\/div>\n\t\t\t\t\t<\/div>\n\t\t<\/div>\n\t\t\t\t\t<\/div>\n\t\t<\/section>\n\t\t\t\t<section class=\"elementor-section elementor-top-section elementor-element elementor-element-423d963 elementor-section-boxed elementor-section-height-default elementor-section-height-default\" data-id=\"423d963\" data-element_type=\"section\" data-e-type=\"section\">\n\t\t\t\t\t\t<div class=\"elementor-container elementor-column-gap-default\">\n\t\t\t\t\t<div class=\"elementor-column elementor-col-100 elementor-top-column elementor-element elementor-element-ae8df75\" data-id=\"ae8df75\" data-element_type=\"column\" data-e-type=\"column\">\n\t\t\t<div class=\"elementor-widget-wrap elementor-element-populated\">\n\t\t\t\t\t\t<div class=\"elementor-element elementor-element-c2144c5 elementor-widget elementor-widget-image\" data-id=\"c2144c5\" data-element_type=\"widget\" data-e-type=\"widget\" data-widget_type=\"image.default\">\n\t\t\t\t<div class=\"elementor-widget-container\">\n\t\t\t\t\t\t\t\t\t\t\t\t\t\t\t<img fetchpriority=\"high\" decoding=\"async\" width=\"600\" height=\"330\" src=\"https:\/\/naturholzgestaltung.de\/wp-content\/uploads\/2019\/03\/bild-von-mir-600x330.jpg\" class=\"attachment-featured-service size-featured-service wp-image-574\" alt=\"\" \/>\t\t\t\t\t\t\t\t\t\t\t\t\t\t\t<\/div>\n\t\t\t\t<\/div>\n\t\t\t\t\t<\/div>\n\t\t<\/div>\n\t\t\t\t\t<\/div>\n\t\t<\/section>\n\t\t\t\t<\/div>\n\t\t","protected":false},"excerpt":{"rendered":"<p>Herzlich Willkommen bei Ihrer M\u00f6belschreinerei Christian Wurm! Mein Name steht f\u00fcr Kompetenz, Gewissenhaftigkeit und Zuverl\u00e4ssigkeit Individuelle Planung und pers\u00f6nliche Beratung Eigene Fertigung und hochwertige Herstellung P\u00fcnktliche Lieferung und passgenaue Montage Meisterhaftes Handwerk zu fairen und bezahlbaren Preisen Als Schreinermeister, Objektgestalter<\/p>\n","protected":false},"author":2,"featured_media":0,"parent":0,"menu_order":0,"comment_status":"closed","ping_status":"closed","template":"","meta":{"footnotes":""},"class_list":["post-77","page","type-page","status-publish","hentry"],"_links":{"self":[{"href":"https:\/\/naturholzgestaltung.de\/index.php?rest_route=\/wp\/v2\/pages\/77","targetHints":{"allow":["GET"]}}],"collection":[{"href":"https:\/\/naturholzgestaltung.de\/index.php?rest_route=\/wp\/v2\/pages"}],"about":[{"href":"https:\/\/naturholzgestaltung.de\/index.php?rest_route=\/wp\/v2\/types\/page"}],"author":[{"embeddable":true,"href":"https:\/\/naturholzgestaltung.de\/index.php?rest_route=\/wp\/v2\/users\/2"}],"replies":[{"embeddable":true,"href":"https:\/\/naturholzgestaltung.de\/index.php?rest_route=%2Fwp%2Fv2%2Fcomments&post=77"}],"version-history":[{"count":12,"href":"https:\/\/naturholzgestaltung.de\/index.php?rest_route=\/wp\/v2\/pages\/77\/revisions"}],"predecessor-version":[{"id":801,"href":"https:\/\/naturholzgestaltung.de\/index.php?rest_route=\/wp\/v2\/pages\/77\/revisions\/801"}],"wp:attachment":[{"href":"https:\/\/naturholzgestaltung.de\/index.php?rest_route=%2Fwp%2Fv2%2Fmedia&parent=77"}],"curies":[{"name":"wp","href":"https:\/\/api.w.org\/{rel}","templated":true}]}}

<div data-elementor-type="wp-post" data-elementor-id="77" class="elementor elementor-77">
						<section class="elementor-section elementor-top-section elementor-element elementor-element-7cbaeae elementor-section-boxed elementor-section-height-default elementor-section-height-default" data-id="7cbaeae" data-element_type="section" data-e-type="section">
						<div class="elementor-container elementor-column-gap-default">
					<div class="elementor-column elementor-col-100 elementor-top-column elementor-element elementor-element-8523add" data-id="8523add" data-element_type="column" data-e-type="column">
			<div class="elementor-widget-wrap elementor-element-populated">
						<div class="elementor-element elementor-element-3708659 elementor-widget elementor-widget-shortcode" data-id="3708659" data-element_type="widget" data-e-type="widget" data-widget_type="shortcode.default">
				<div class="elementor-widget-container">
							<div class="elementor-shortcode">
	<div class="wp-video-popup-wrapper">
		<div class="wp-video-popup-close"></div>
		<iframe class="wp-video-popup-video is-hosted is-landscape is-resizable" src="" data-wp-video-popup-url="https://www.youtube.com/embed/YlUKcNNmywk?autoplay=1" frameborder="0" allowfullscreen allow="autoplay">
		</iframe>
	</div>
	</div>
						</div>
				</div>
					</div>
		</div>
					</div>
		</section>
				<section class="elementor-section elementor-top-section elementor-element elementor-element-891cc3f elementor-section-boxed elementor-section-height-default elementor-section-height-default" data-id="891cc3f" data-element_type="section" data-e-type="section">
						<div class="elementor-container elementor-column-gap-default">
					<div class="elementor-column elementor-col-100 elementor-top-column elementor-element elementor-element-5e626bea" data-id="5e626bea" data-element_type="column" data-e-type="column">
			<div class="elementor-widget-wrap elementor-element-populated">
						<div class="elementor-element elementor-element-27b0acb6 elementor-widget elementor-widget-text-editor" data-id="27b0acb6" data-element_type="widget" data-e-type="widget" data-widget_type="text-editor.default">
				<div class="elementor-widget-container">
									
<h2 class="wp-block-heading">Herzlich Willkommen bei Ihrer Möbelschreinerei Christian Wurm!</h2>



<p>Mein Name steht für</p>



<ul class="wp-block-list"><li>Kompetenz, Gewissenhaftigkeit und Zuverlässigkeit</li><li>Individuelle Planung und persönliche Beratung</li><li>Eigene Fertigung und hochwertige Herstellung</li><li>Pünktliche Lieferung und passgenaue Montage</li><li>Meisterhaftes Handwerk zu fairen und bezahlbaren Preisen</li></ul>



<p>Als Schreinermeister, Objektgestalter und Baubiologe lege ich größten Wert auf individuelle Gestaltung und handwerklich hergestellte Möbel aus heimischen Hölzern für eine wohngesunde Raumgestaltung.</p>



<p>Ich freue mich auf Ihr Projekt!</p>



<p>Ihr Christian Wurm</p>
								</div>
				</div>
					</div>
		</div>
					</div>
		</section>
				<section class="elementor-section elementor-top-section elementor-element elementor-element-423d963 elementor-section-boxed elementor-section-height-default elementor-section-height-default" data-id="423d963" data-element_type="section" data-e-type="section">
						<div class="elementor-container elementor-column-gap-default">
					<div class="elementor-column elementor-col-100 elementor-top-column elementor-element elementor-element-ae8df75" data-id="ae8df75" data-element_type="column" data-e-type="column">
			<div class="elementor-widget-wrap elementor-element-populated">
						<div class="elementor-element elementor-element-c2144c5 elementor-widget elementor-widget-image" data-id="c2144c5" data-element_type="widget" data-e-type="widget" data-widget_type="image.default">
				<div class="elementor-widget-container">
															<img fetchpriority="high" decoding="async" width="600" height="330" src="https://naturholzgestaltung.de/wp-content/uploads/2019/03/bild-von-mir-600x330.jpg" class="attachment-featured-service size-featured-service wp-image-574" alt="" />															</div>
				</div>
					</div>
		</div>
					</div>
		</section>
				</div>

<p>Herzlich Willkommen bei Ihrer Möbelschreinerei Christian Wurm! Mein Name steht für Kompetenz, Gewissenhaftigkeit und Zuverlässigkeit Individuelle Planung und persönliche Beratung Eigene Fertigung und hochwertige Herstellung Pünktliche Lieferung und passgenaue Montage Meisterhaftes Handwerk zu fairen und bezahlbaren Preisen Als Schreinermeister, Objektgestalter</p>
