{"id":502,"date":"2019-02-13T21:45:28","date_gmt":"2019-02-13T20:45:28","guid":{"rendered":"http:\/\/naturholzgestaltung.de\/?page_id=502"},"modified":"2021-09-02T13:05:18","modified_gmt":"2021-09-02T11:05:18","slug":"elementor-502","status":"publish","type":"page","link":"https:\/\/naturholzgestaltung.de\/?page_id=502","title":{"rendered":"\u00dcber mich"},"content":{"rendered":"<p><img fetchpriority=\"high\" decoding=\"async\" width=\"300\" height=\"225\" src=\"https:\/\/naturholzgestaltung.de\/wp-content\/uploads\/2019\/02\/Pic00114-1-300x225.jpg\" alt=\"\" srcset=\"https:\/\/naturholzgestaltung.de\/wp-content\/uploads\/2019\/02\/Pic00114-1-300x225.jpg 300w, https:\/\/naturholzgestaltung.de\/wp-content\/uploads\/2019\/02\/Pic00114-1-768x576.jpg 768w\" sizes=\"(max-width: 300px) 100vw, 300px\"><\/p>\n<p>Meine Leidenschaft ist die wohngesunde Raumgestaltung, die individuelle Planung und die traditionelle und nachhaltige Holzverarbeitung.<\/p>\n<p>Ordentliche, gewissenhafte und saubere Arbeitsweise, P\u00fcnktlichkeit, Zuverl\u00e4ssigkeit und Freude am Handwerk sind nur einige Tugenden, die Sie von mir erwarten k\u00f6nnen.<br style=\"color: #666666;\"><br style=\"color: #666666;\">Ihr Schreinermeister Christian Wurm<\/p>\n<h2>Mein beruflicher Werdegang:<\/h2>\n<ul>\n<li>Ausbildung zum Schreiner<\/li>\n<li>Meisterschule in Garmisch-Partenkirchen<\/li>\n<li>Fachakademie f\u00fcr Form- und Raumgestaltung in Cham<\/li>\n<li>Weiterbildung zum Baubiologen in Neubeuern<\/li>\n<li>Selbstst\u00e4ndig seit 2003<\/li>\n<\/ul>\n<h2>Teilnahme an Messen &amp; Ausstellungen:<\/h2>\n<ul style=\"font-variant-ligatures: normal; font-variant-caps: normal; font-family: Roboto, sans-serif; font-size: 16px; font-style: normal; font-weight: 300; color: #666666;\">\n<li style=\"font-size: 16px;\">Chiemgauer Messe Bauen und Wohnen, Trostberg<\/li>\n<li style=\"font-size: 16px;\">Wiesm\u00fchler Energie- und Umwelttage, Wiesm\u00fchl<\/li>\n<li style=\"font-size: 16px;\">M\u00f6belausstellung im Eingangsvoyer, Traunpassage Traunreut<\/li>\n<li style=\"font-size: 16px;\">Handwerker-Tag, Bauernhofmuseum Amerang<\/li>\n<li style=\"font-size: 16px;\">Kunst- und Handwerksausstellung, Automobilmuseum Amerang<\/li>\n<li style=\"font-size: 16px;\">Gewerbeschau Truna, Traunstein<\/li>\n<\/ul>\n<figure class=\"gallery-item\">\n\t\t\t\t<img decoding=\"async\" width=\"150\" height=\"150\" src=\"https:\/\/naturholzgestaltung.de\/wp-content\/uploads\/2019\/02\/Pic0058-2-150x150.jpg\" alt=\"\" srcset=\"https:\/\/naturholzgestaltung.de\/wp-content\/uploads\/2019\/02\/Pic0058-2-150x150.jpg 150w, https:\/\/naturholzgestaltung.de\/wp-content\/uploads\/2019\/02\/Pic0058-2-100x100.jpg 100w\" sizes=\"(max-width: 150px) 100vw, 150px\"><\/figure>\n<figure class=\"gallery-item\">\n\t\t\t\t<img decoding=\"async\" width=\"150\" height=\"150\" src=\"https:\/\/naturholzgestaltung.de\/wp-content\/uploads\/2019\/02\/Pic002-1-150x150.jpg\" alt=\"\" srcset=\"https:\/\/naturholzgestaltung.de\/wp-content\/uploads\/2019\/02\/Pic002-1-150x150.jpg 150w, https:\/\/naturholzgestaltung.de\/wp-content\/uploads\/2019\/02\/Pic002-1-100x100.jpg 100w\" sizes=\"(max-width: 150px) 100vw, 150px\"><\/figure>\n<figure class=\"gallery-item\">\n\t\t\t\t<img loading=\"lazy\" decoding=\"async\" width=\"150\" height=\"150\" src=\"https:\/\/naturholzgestaltung.de\/wp-content\/uploads\/2019\/02\/Pic0095-150x150.jpg\" alt=\"\" srcset=\"https:\/\/naturholzgestaltung.de\/wp-content\/uploads\/2019\/02\/Pic0095-150x150.jpg 150w, https:\/\/naturholzgestaltung.de\/wp-content\/uploads\/2019\/02\/Pic0095-100x100.jpg 100w\" sizes=\"(max-width: 150px) 100vw, 150px\"><\/figure>\n","protected":false},"excerpt":{"rendered":"<p>Meine Leidenschaft ist die wohngesunde Raumgestaltung, die individuelle Planung und die traditionelle und nachhaltige Holzverarbeitung. Ordentliche, gewissenhafte und saubere Arbeitsweise, P\u00fcnktlichkeit, Zuverl\u00e4ssigkeit und Freude am Handwerk sind nur einige Tugenden, die Sie von mir erwarten k\u00f6nnen.Ihr Schreinermeister Christian Wurm Mein<\/p>\n","protected":false},"author":2,"featured_media":0,"parent":0,"menu_order":0,"comment_status":"closed","ping_status":"closed","template":"","meta":{"footnotes":""},"class_list":["post-502","page","type-page","status-publish","hentry"],"_links":{"self":[{"href":"https:\/\/naturholzgestaltung.de\/index.php?rest_route=\/wp\/v2\/pages\/502","targetHints":{"allow":["GET"]}}],"collection":[{"href":"https:\/\/naturholzgestaltung.de\/index.php?rest_route=\/wp\/v2\/pages"}],"about":[{"href":"https:\/\/naturholzgestaltung.de\/index.php?rest_route=\/wp\/v2\/types\/page"}],"author":[{"embeddable":true,"href":"https:\/\/naturholzgestaltung.de\/index.php?rest_route=\/wp\/v2\/users\/2"}],"replies":[{"embeddable":true,"href":"https:\/\/naturholzgestaltung.de\/index.php?rest_route=%2Fwp%2Fv2%2Fcomments&post=502"}],"version-history":[{"count":10,"href":"https:\/\/naturholzgestaltung.de\/index.php?rest_route=\/wp\/v2\/pages\/502\/revisions"}],"predecessor-version":[{"id":811,"href":"https:\/\/naturholzgestaltung.de\/index.php?rest_route=\/wp\/v2\/pages\/502\/revisions\/811"}],"wp:attachment":[{"href":"https:\/\/naturholzgestaltung.de\/index.php?rest_route=%2Fwp%2Fv2%2Fmedia&parent=502"}],"curies":[{"name":"wp","href":"https:\/\/api.w.org\/{rel}","templated":true}]}}

Über mich

<p><img fetchpriority="high" decoding="async" width="300" height="225" src="https://naturholzgestaltung.de/wp-content/uploads/2019/02/Pic00114-1-300x225.jpg" alt="" srcset="https://naturholzgestaltung.de/wp-content/uploads/2019/02/Pic00114-1-300x225.jpg 300w, https://naturholzgestaltung.de/wp-content/uploads/2019/02/Pic00114-1-768x576.jpg 768w" sizes="(max-width: 300px) 100vw, 300px"></p>
<p>Meine Leidenschaft ist die wohngesunde Raumgestaltung, die individuelle Planung und die traditionelle und nachhaltige Holzverarbeitung.</p>
<p>Ordentliche, gewissenhafte und saubere Arbeitsweise, Pünktlichkeit, Zuverlässigkeit und Freude am Handwerk sind nur einige Tugenden, die Sie von mir erwarten können.<br style="color: #666666;"><br style="color: #666666;">Ihr Schreinermeister Christian Wurm</p>
<h2>Mein beruflicher Werdegang:</h2>
<ul>
<li>Ausbildung zum Schreiner</li>
<li>Meisterschule in Garmisch-Partenkirchen</li>
<li>Fachakademie für Form- und Raumgestaltung in Cham</li>
<li>Weiterbildung zum Baubiologen in Neubeuern</li>
<li>Selbstständig seit 2003</li>
</ul>
<h2>Teilnahme an Messen &amp; Ausstellungen:</h2>
<ul style="font-variant-ligatures: normal; font-variant-caps: normal; font-family: Roboto, sans-serif; font-size: 16px; font-style: normal; font-weight: 300; color: #666666;">
<li style="font-size: 16px;">Chiemgauer Messe Bauen und Wohnen, Trostberg</li>
<li style="font-size: 16px;">Wiesmühler Energie- und Umwelttage, Wiesmühl</li>
<li style="font-size: 16px;">Möbelausstellung im Eingangsvoyer, Traunpassage Traunreut</li>
<li style="font-size: 16px;">Handwerker-Tag, Bauernhofmuseum Amerang</li>
<li style="font-size: 16px;">Kunst- und Handwerksausstellung, Automobilmuseum Amerang</li>
<li style="font-size: 16px;">Gewerbeschau Truna, Traunstein</li>
</ul>
<figure class="gallery-item">
				<img decoding="async" width="150" height="150" src="https://naturholzgestaltung.de/wp-content/uploads/2019/02/Pic0058-2-150x150.jpg" alt="" srcset="https://naturholzgestaltung.de/wp-content/uploads/2019/02/Pic0058-2-150x150.jpg 150w, https://naturholzgestaltung.de/wp-content/uploads/2019/02/Pic0058-2-100x100.jpg 100w" sizes="(max-width: 150px) 100vw, 150px"></figure>
<figure class="gallery-item">
				<img decoding="async" width="150" height="150" src="https://naturholzgestaltung.de/wp-content/uploads/2019/02/Pic002-1-150x150.jpg" alt="" srcset="https://naturholzgestaltung.de/wp-content/uploads/2019/02/Pic002-1-150x150.jpg 150w, https://naturholzgestaltung.de/wp-content/uploads/2019/02/Pic002-1-100x100.jpg 100w" sizes="(max-width: 150px) 100vw, 150px"></figure>
<figure class="gallery-item">
				<img loading="lazy" decoding="async" width="150" height="150" src="https://naturholzgestaltung.de/wp-content/uploads/2019/02/Pic0095-150x150.jpg" alt="" srcset="https://naturholzgestaltung.de/wp-content/uploads/2019/02/Pic0095-150x150.jpg 150w, https://naturholzgestaltung.de/wp-content/uploads/2019/02/Pic0095-100x100.jpg 100w" sizes="(max-width: 150px) 100vw, 150px"></figure>

<p>Meine Leidenschaft ist die wohngesunde Raumgestaltung, die individuelle Planung und die traditionelle und nachhaltige Holzverarbeitung. Ordentliche, gewissenhafte und saubere Arbeitsweise, Pünktlichkeit, Zuverlässigkeit und Freude am Handwerk sind nur einige Tugenden, die Sie von mir erwarten können.Ihr Schreinermeister Christian Wurm Mein</p>
